/12)/(1/p). Let y(q) = -q - 1. Calculate y(v).
4
Let v(l) = l**3 + 8. Suppose -3*r = -2*d - d + 27, 0 = 3*r - 4*d + 25. Let g = r - -1. Let s be g/25 + (-4)/(-10). Give v(s).
8
Let r(v) = -191*v**2 - 2 - v**3 - 2*v + 380*v**2 - 194*v**2. Let c(t) = -5*t. Let z be c(1). Determine r(z).
8
Suppose 4*p + 16 = 0, 8*k + 12 = 6*k - 3*p. Let t(z) = z**2 - z - 17. Calculate t(k).
-17
Let j(p) be the first derivative of 3*p**4/2 + p**3/3 - p**2/2 + 56. Calculate j(1).
6
Let r(b) = -4*b**2 + 2*b - 3. Let k(u) = -8*u**2 + 4*u - 7. Let q = 13 + -8. Let h(x) = q*r(x) - 2*k(x). Let s be (2/6)/((-3)/(-9)). What is h(s)?
-3
Suppose -4*a + 23 = 3. Let k = 4 - a. Let i(c) = 2*c**2 + c + 1. Calculate i(k).
2
Let d(x) = -7*x**3 - 10*x**2 + 11*x - 3. Let u(y) = 13*y**3 + 18*y**2 - 21*y + 5. Let a(r) = -11*d(r) - 6*u(r). Determine a(4).
-9
Let z = -8 + 12. Let q(k) = -k + 4. What is q(z)?
0
Let r(d) = d**3 + 5*d**2 + d - 3. Let j(t) = t**2 - 3*t - 2. Let i be j(2). Determine r(i).
9
Suppose -6 = -3*x, m - 3*m - 5*x + 10 = 0. Let d be m - 2 - 4/(-2). Suppose l = -d*l. Let n(c) = -c**3 + c + 6. Give n(l).
6
Let q(w) = -3*w**3 - 5*w**2 - 3*w. Let p(v) = 10*v**3 + 15*v**2 + 10*v. Let g(t) = -2*p(t) - 7*q(t). Give g(-5).
-5
Let n(o) = -o**3 - 8*o**2 - 8*o - 6. Let v be n(-7). Suppose 3*d + 10 - 1 = 0. Let b be (d - -3)/(2/v). Let j(w) = -w + 7. What is j(b)?
7
Let b(j) = -5*j - j**3 + 0*j**3 + 2*j**3 + 4*j**2 + 14 - 5. Let y(a) = -2*a**3 - 8*a**2 + 11*a - 19. Let o(v) = 7*b(v) + 3*y(v). Determine o(-5).
-9
Let u(c) = c**3 + 2*c**2 - 3*c - 9. Let j(a) = -a**2 + a - 1. Let r(b) = -2*j(b) + u(b). Give r(-5).
-7
Suppose 57*d + 36 = 53*d. Let x(h) = -h**2 - 10*h - 13. Calculate x(d).
-4
Let w(r) = -r**3 - 4*r**2 + 2*r - 3. Let s(k) = k**2 - 4*k - 2. Let t be s(3). Let p be (4/t)/(3/15). What is w(p)?
-11
Let d(q) be the second derivative of -q**4/12 + q**3/6 + 5*q**2/2 + q. Suppose -5*j = 5, 4*x + 2*j + 3*j = -5. Suppose x = -t - t. Calculate d(t).
5
Let g(c) be the third derivative of -c**5/60 - c**4/12 + 2*c**2. Let v = -1 + -2. Determine g(v).
-3
Let z(w) = 3 + 2*w + 11*w**2 - 7 + 2 + 1. What is z(1)?
12
Let l(a) = -a**3 - 2*a**2 - 4. Let c be (-2 + 1)/(2/(-26)). Suppose c = -2*r - 3*r + n, -2*n - 1 = -r. What is l(r)?
5
Let x(t) = 7*t**3 + 17*t**2 + 19*t - 5. Let f(a) = -3*a**3 - 8*a**2 - 9*a + 2. Let w(v) = 9*f(v) + 4*x(v). Determine w(5).
-2
Let u(c) = -c**2 + 3*c + 7. Suppose 2 + 2 = y. Suppose -3*p = -y*g + 4 - 3, -3*p - 4*g = -31. Give u(p).
-3
Let d(w) = 4*w. Suppose f + j + 1 = 0, 0*f - 7 = -f + j. Give d(f).
12
Let u(j) = j**3 - 5*j**2 - 5*j - 1. Suppose -4*t = -0*c + 2*c - 32, 2*t - 3*c = 0. Let b be u(t). Let m(d) = d**3 - 5*d**2 + 5. Determine m(b).
5
Let w(c) = 2 + 0*c**3 + c**2 + c**3 - 13 - c + 12. Calculate w(-2).
-1
Suppose 3*o - p + 11 = 0, 2*o = 3*o + 3*p - 13. Let c(f) = -2*f**3 - 2*f**2 + 2*f. What is c(o)?
4
Let g(l) = -2*l - 4. Let c be g(-4). Let z(q) = 5 - 2*q**3 - 4 + 3*q**3. Let s(i) = -5*i**3 - 5*i**2 + 4*i - 7. Let u(w) = s(w) + 6*z(w). Determine u(c).
-1
Suppose 0*r = r. Suppose r = -2*m + 1 - 3. Let j(g) = g + 1. Give j(m).
0
Let r(m) be the first derivative of m**4/4 - 2*m**3 + 3*m**2 - 6*m + 19. Give r(5).
-1
Let b(g) be the first derivative of -g**5/20 - g**4/3 + 5*g**3/6 + 2*g**2 + 3*g - 4. Let o(q) be the first derivative of b(q). Give o(-5).
4
Let c(k) = k**2 + 3*k - 3. Suppose 2*f = -18 + 6. Let q = f + 2. What is c(q)?
1
Let l(x) = 39 - 41 + x + 0*x. Let r(a) = a**3 - 8*a**2 + 7*a + 4. Let g be r(7). Suppose -2*j = -10, 5*k + g*j = -0*k + 10. Determine l(k).
-4
Let c(w) = 20*w + 29. Let f(y) = 7*y + 10. Let s(a) = 6*c(a) - 17*f(a). Suppose -2*r - 2*r = 0. Let l be r + 3/((-6)/10). Determine s(l).
-1
Let u(d) be the second derivative of d**3/6 + 3*d**2 - 4*d. Calculate u(-5).
1
Let k(q) = q**2 + 3*q. Let b be k(-4). Let s(z) be the third derivative of -z**5/60 + z**4/12 + 2*z**3/3 - 69*z**2. Determine s(b).
-4
Let f(g) be the first derivative of -1/4*g**4 + 3 + 0*g - 2/3*g**3 + g**2. What is f(-3)?
3
Let t(x) = 15*x - 1. Let p(g) = -2*g - 5. Let q be p(-3). Give t(q).
14
Let u(q) = q**3 - 2*q**2 - 2*q - 1. Let o = 6 - 9. Let b be 2 + (o - 4/(-2)). Suppose -2 = -4*h - 5*v, b = -3*h + 5*v + 20. Calculate u(h).
2
Let p(a) be the third derivative of -a**4/6 - a**3/6 + a**2. Suppose -17*n + 2 = -16*n. What is p(n)?
-9
Let t(q) = q**3 - 5*q**2 + 7*q - 5. Suppose -14 = -2*b - 4. Suppose b*w - 4 = 4*w. What is t(w)?
7
Let f(o) = -5*o - 1. Suppose 6*d = 2*d - 8. Determine f(d).
9
Let i(d) = -d - 17. Let u be i(-18). Let x be 2/3*(-3 - -9). Let p(t) = 5*t**2 + x*t - 3*t + 0*t. Calculate p(u).
6
Suppose 11 = -4*m + 2*o + 5, -m - 5*o - 7 = 0. Let j be 7*(6/3 - 3). Let n = j - m. Let g(a) = a**2 + 8*a + 7. Calculate g(n).
-8
Let x(n) = -10*n - 28. Let v(p) = -7*p - 19. Let b(w) = -7*v(w) + 5*x(w). Determine b(-6).
-1
Let y(q) = -q**3 - 3*q**2 + 3*q + 4. Suppose 3*a + 7*a = -40. Determine y(a).
8
Let s(j) = j**2 - 6*j - 3. Let y be ((-2 - 0) + -1)/(-1). Let n = 1 + y. Suppose 20 = 4*u + n. Calculate s(u).
-11
Let f(p) be the third derivative of -p**7/840 - p**6/720 + p**5/60 + p**4/12 + 4*p**2. Let b(l) be the second derivative of f(l). Calculate b(-2).
-8
Let k(g) = 3*g - 4. Let h(a) = -12*a + 1. Let u(b) = -11*b + 2. Let t(w) = -5*h(w) + 6*u(w). Let y(q) = -5*k(q) - 2*t(q). What is y(4)?
-6
Let j(d) = -d**3 + 7*d**2 - 6*d + 3. Suppose -2*b + s = -75, 6*b + s - 177 = b. Let h be (-1)/(-3)*b/2. Calculate j(h).
3
Let y(w) be the second derivative of w**5/20 + w**4/2 + w**2/2 - 6*w. What is y(-6)?
1
Let q = 1 + -3. Let f(l) = l - 3. Let c be f(3). Let u be -1 - (1 + c + q). Let m(x) = -x - 8. What is m(u)?
-8
Let s(c) = 4*c - 6. Let w(y) = -y + 1. Let q(a) = -s(a) - 5*w(a). Suppose 11 = -4*i - 25. Let g(n) = n**3 + 10*n**2 + 10*n + 11. Let l be g(i). What is q(l)?
3
Let h(a) be the third derivative of -a**4/12 + 2*a**3/3 + a**2. Let y(b) = -1. Let c(i) = h(i) + 5*y(i). Let l be (-2 - -1)/((-1)/3). Calculate c(l).
-7
Let y(d) = -d + 1. Suppose 3*q - 46 + 4 = 0. Suppose -4*c + 2 = q. Give y(c).
4
Let d(v) = 4*v + 8. Let s(k) = 17*k + 11. Let t(b) = 8*b + 6. Let n(m) = 3*s(m) - 7*t(m). Let w(z) = 6*d(z) + 5*n(z). Let o = -4 - -8. Determine w(o).
-1
Let x(r) be the second derivative of r**5/20 - 7*r**4/12 + 2*r**3/3 - 7*r**2/2 + 13*r. Determine x(6).
-19
Let m(c) = -16*c**3 + c**2 + c. Let i = 10 - 11. Calculate m(i).
16
Let g = 75 + -80. Let y(v) = -2*v - 5. Calculate y(g).
5
Let h be 2/2*(9 + -4). Let u(z) be the second derivative of -z**4/12 + 2*z**3/3 + 3*z**2/2 - 2*z. Determine u(h).
-2
Let l(o) be the third derivative of -o**5/120 + 5*o**4/24 + 5*o**3/6 + 7*o**2. Let a(z) be the first derivative of l(z). Give a(-5).
10
Let i(b) be the first derivative of -b**3/3 - b**2 - 2*b - 1. Let q(g) be the first derivative of i(g). Suppose 0 = 2*m + 8, m + 4*m + 28 = 4*k. Give q(k).
-6
Suppose -5*p + 6 = 1. Let m(l) = 9*l**3 - 1. What is m(p)?
8
Let l(j) be the first derivative of 10*j**3/3 + j**2/2 - 1. Let b be ((-8)/(-24))/(1/3). What is l(b)?
11
Let l(z) = -12 + 13 + 4 - 2*z. Suppose -y + 5*d + 11 = 0, y + 5*d = -29 + 10. Give l(y).
13
Let l(j) = -j**2 + 2*j + 2. Let m(o) = -o**3 + 7*o**2 - 4*o. Let f be m(6). Let g = -10 + f. What is l(g)?
2
Let z(c) = -4*c - c**2 + 0*c + 0*c - 3. Let a = -70 + 65. What is z(a)?
-8
Let w(j) = -2*j**2 + 7*j + 3*j**2 - 2*j - 1 - 2*j. Let q be w(-2). Let s(h) = h**3 + 3*h**2 + h + 1. Give s(q).
-2
Let o(r) = r + 7. Let y be 1*-3*2/1. Let z be (-7 + 3)*(-9)/y. Determine o(z).
1
Let m be (-12)/1*4/(-8). Let s(n) be the first derivative of n**3/3 - 3*n**2 - 5*n + 8. Determine s(m).
-5
Let m = 3 - -2. Suppose 0*z + 4*z - m*o = 31, -2*z - o + 5 = 0. Suppose 0 = -2*q + z*q. Let f(b) = -b**2 - 7. Calculate f(q).
-7
Let b(n) = n**2 - 3*n - 1. Let y be 2/9 + (-20)/9. Give b(y).
9
Suppose -5*y + 31 = -3*v, -3*y = -v + y - 22. Let u(c) = -9*c**2 + c + 6. Let g(n) = 4*n**2 - n - 3. Let t(f) = -5*g(f) - 2*u(f). What is t(v)?
-11
Suppose m + 4 = 6. Let k(b) = -b. Let z(c) = -8*c. Let v(a) = -4*k(a) + z(a). Calculate v(m).
-8
Let j(w) = w - 4. Let r(h) = -h - 1. Let p(s) = -4*s - 9. Let f(l) = -p(l) + 5*r(l). Let u(q) = -3*f(q) - 4*j(q). Suppose 60 = -14*v - v. What is u(v)?
8
Let c(h) = -h**2 + 4*h - 4. Let l(t) = -t**3 + 6*t**2 - 4*